{"id":310,"date":"2021-05-26T12:36:02","date_gmt":"2021-05-26T12:36:02","guid":{"rendered":"https:\/\/viljamihalovsky.com\/?page_id=310"},"modified":"2021-07-09T09:15:41","modified_gmt":"2021-07-09T09:15:41","slug":"daisies-2","status":"publish","type":"page","link":"https:\/\/viljamihalovsky.com\/index.php\/daisies-2\/","title":{"rendered":"Daisies, Daisies, Daisies, Pop My Daisy Shut!"},"content":{"rendered":"\n\n\n<div class=\"wp-block-cover aligncenter has-background-dim\" style=\"min-height:540px;aspect-ratio:unset;\"><img loading=\"lazy\" decoding=\"async\" width=\"2560\" height=\"1798\" class=\"wp-block-cover__image-background wp-image-319\" alt=\"\" src=\"https:\/\/viljamihalovsky.com\/wp-content\/uploads\/2021\/05\/Daisies-scaled.jpg\" style=\"object-position:44% 44%\" data-object-fit=\"cover\" data-object-position=\"44% 44%\" srcset=\"https:\/\/viljamihalovsky.com\/wp-content\/uploads\/2021\/05\/Daisies-scaled.jpg 2560w, https:\/\/viljamihalovsky.com\/wp-content\/uploads\/2021\/05\/Daisies-300x211.jpg 300w, https:\/\/viljamihalovsky.com\/wp-content\/uploads\/2021\/05\/Daisies-1024x719.jpg 1024w, https:\/\/viljamihalovsky.com\/wp-content\/uploads\/2021\/05\/Daisies-768x539.jpg 768w, https:\/\/viljamihalovsky.com\/wp-content\/uploads\/2021\/05\/Daisies-1536x1079.jpg 1536w, https:\/\/viljamihalovsky.com\/wp-content\/uploads\/2021\/05\/Daisies-2048x1438.jpg 2048w\" sizes=\"auto, (max-width: 2560px) 100vw, 2560px\" \/><div class=\"wp-block-cover__inner-container is-layout-flow wp-block-cover-is-layout-flow\">\n<p class=\"has-text-align-center has-large-font-size\">19.6.2019<\/p>\n\n\n\n<p class=\"has-text-align-center has-large-font-size\">20min authentic movement | 10min writing<\/p>\n<\/div><\/div>\n\n\n\n\n\n<p>Kukkia kedolla. Kiedon varpaani vihreisiin korsiin ja tunnen l\u00e4mm\u00f6n iholla. Valkoinen kukkameri laajenee n\u00e4k\u00f6kent\u00e4ss\u00e4ni sit\u00e4 mukaa kun k\u00e4\u00e4nn\u00e4n p\u00e4\u00e4t\u00e4ni. Kiedon kukkia varpaideni ymp\u00e4rille ja varpaita kukkien ymp\u00e4rille. Ter\u00e4lehdet, puhtaanvalkeat ter\u00e4lehdet kiertyv\u00e4t <s>valkoisen<\/s> keltaisen keskustan ymp\u00e4rille.<\/p>\n\n\n\n<p>Spiraali on ja lakkaa olemasta.<\/p>\n\n\n\n<p>Varpaani kiertyv\u00e4t kehoni ymp\u00e4rille samalla tavalla kuin kukat kiertyv\u00e4t varpaideni ymp\u00e4rille. Jalkani nousevat ilmaan, j\u00e4tt\u00e4v\u00e4t taakseen kukkameren, joka soljuu<br>pois pois pois.<br>Pop pop pop.<br>Pois pop.<br>Pop pois.<\/p>\n\n\n\n<p>Ter\u00e4lehdet leijuvat ilmassa ja iskeytyv\u00e4t maahan. Kuuluu pieni pop. Niin pieni, ettei siit\u00e4 voi olla varma oliko se totta vai ei: sulki, poikki ja pinoon.<\/p>\n\n\n\n<p>Ter\u00e4lehdet nostavat p\u00e4\u00e4t\u00e4\u00e4n samalla kun min\u00e4 nostelen jalkojani. Olen sit\u00e4 mielt\u00e4, ett\u00e4 ter\u00e4lehtien tulisi olla ter\u00e4vi\u00e4. Niiden tulisi raastaa ohikulkijan nilkat verille, vaatia palkkaa olemassaolostaan.<\/p>\n\n\n\n<p>Spiraalin lailla jalkani kiertyv\u00e4t ymp\u00e4rilleni. Hypp\u00e4\u00e4n, jotta nousisin ilmaan. Hypp\u00e4\u00e4n, jotta n\u00e4kisin valkoisen pilven reunan. Hypp\u00e4\u00e4n yhdess\u00e4 kruununi kanssa. Jotta el\u00e4m\u00e4 ei olisi valmista, kiedon kukista p\u00e4\u00e4h\u00e4ni kruunun.<\/p>\n\n\n\n<hr class=\"wp-block-separator is-style-wide\"\/>\n\n\n\n<figure class=\"wp-block-embed is-type-video is-provider-vimeo wp-block-embed-vimeo wp-embed-aspect-16-9 wp-has-aspect-ratio\"><div class=\"wp-block-embed__wrapper\">\n<iframe loading=\"lazy\" title=\"Daisies, Daisies, Daisies, Pop My Daisy Shut!\" src=\"https:\/\/player.vimeo.com\/video\/557119753?dnt=1&amp;app_id=122963\" width=\"500\" height=\"281\" frameborder=\"0\" allow=\"autoplay; fullscreen; picture-in-picture; clipboard-write\"><\/iframe>\n<\/div><\/figure>\n","protected":false},"excerpt":{"rendered":"<p>Kukkia kedolla. Kiedon varpaani vihreisiin korsiin ja tunnen l\u00e4mm\u00f6n iholla. Valkoinen kukkameri laajenee n\u00e4k\u00f6kent\u00e4ss\u00e4ni sit\u00e4 mukaa kun k\u00e4\u00e4nn\u00e4n p\u00e4\u00e4t\u00e4ni. Kiedon kukkia varpaideni ymp\u00e4rille ja varpaita kukkien ymp\u00e4rille. Ter\u00e4lehdet, puhtaanvalkeat ter\u00e4lehdet kiertyv\u00e4t valkoisen keltaisen keskustan ymp\u00e4rille. Spiraali on ja lakkaa olemasta. Varpaani kiertyv\u00e4t kehoni ymp\u00e4rille samalla tavalla kuin kukat kiertyv\u00e4t varpaideni ymp\u00e4rille. Jalkani nousevat ilmaan, j\u00e4tt\u00e4v\u00e4t [&hellip;]<\/p>\n","protected":false},"author":1,"featured_media":0,"parent":0,"menu_order":0,"comment_status":"closed","ping_status":"closed","template":"","meta":{"_uag_custom_page_level_css":"","site-sidebar-layout":"default","site-content-layout":"default","ast-site-content-layout":"default","site-content-style":"default","site-sidebar-style":"default","ast-global-header-display":"","ast-banner-title-visibility":"","ast-main-header-display":"","ast-hfb-above-header-display":"","ast-hfb-below-header-display":"","ast-hfb-mobile-header-display":"","site-post-title":"","ast-breadcrumbs-content":"","ast-featured-img":"","footer-sml-layout":"","ast-disable-related-posts":"","theme-transparent-header-meta":"default","adv-header-id-meta":"","stick-header-meta":"","header-above-stick-meta":"","header-main-stick-meta":"","header-below-stick-meta":"","astra-migrate-meta-layouts":"default","ast-page-background-enabled":"default","ast-page-background-meta":{"desktop":{"background-color":"","background-image":"","background-repeat":"repeat","background-position":"center center","background-size":"auto","background-attachment":"scroll","background-type":"","background-media":"","overlay-type":"","overlay-color":"","overlay-opacity":"","overlay-gradient":""},"tablet":{"background-color":"","background-image":"","background-repeat":"repeat","background-position":"center center","background-size":"auto","background-attachment":"scroll","background-type":"","background-media":"","overlay-type":"","overlay-color":"","overlay-opacity":"","overlay-gradient":""},"mobile":{"background-color":"","background-image":"","background-repeat":"repeat","background-position":"center center","background-size":"auto","background-attachment":"scroll","background-type":"","background-media":"","overlay-type":"","overlay-color":"","overlay-opacity":"","overlay-gradient":""}},"ast-content-background-meta":{"desktop":{"background-color":"var(--ast-global-color-5)","background-image":"","background-repeat":"repeat","background-position":"center center","background-size":"auto","background-attachment":"scroll","background-type":"","background-media":"","overlay-type":"","overlay-color":"","overlay-opacity":"","overlay-gradient":""},"tablet":{"background-color":"var(--ast-global-color-5)","background-image":"","background-repeat":"repeat","background-position":"center center","background-size":"auto","background-attachment":"scroll","background-type":"","background-media":"","overlay-type":"","overlay-color":"","overlay-opacity":"","overlay-gradient":""},"mobile":{"background-color":"var(--ast-global-color-5)","background-image":"","background-repeat":"repeat","background-position":"center center","background-size":"auto","background-attachment":"scroll","background-type":"","background-media":"","overlay-type":"","overlay-color":"","overlay-opacity":"","overlay-gradient":""}},"footnotes":""},"class_list":["post-310","page","type-page","status-publish","hentry"],"featured_image_src":null,"featured_image_src_square":null,"uagb_featured_image_src":{"full":false,"thumbnail":false,"medium":false,"medium_large":false,"large":false,"1536x1536":false,"2048x2048":false,"gb-block-post-grid-landscape":false,"gb-block-post-grid-square":false},"uagb_author_info":{"display_name":"admin","author_link":"https:\/\/viljamihalovsky.com\/index.php\/author\/admin\/"},"uagb_comment_info":0,"uagb_excerpt":"Kukkia kedolla. Kiedon varpaani vihreisiin korsiin ja tunnen l\u00e4mm\u00f6n iholla. Valkoinen kukkameri laajenee n\u00e4k\u00f6kent\u00e4ss\u00e4ni sit\u00e4 mukaa kun k\u00e4\u00e4nn\u00e4n p\u00e4\u00e4t\u00e4ni. Kiedon kukkia varpaideni ymp\u00e4rille ja varpaita kukkien ymp\u00e4rille. Ter\u00e4lehdet, puhtaanvalkeat ter\u00e4lehdet kiertyv\u00e4t valkoisen keltaisen keskustan ymp\u00e4rille. Spiraali on ja lakkaa olemasta. Varpaani kiertyv\u00e4t kehoni ymp\u00e4rille samalla tavalla kuin kukat kiertyv\u00e4t varpaideni ymp\u00e4rille. Jalkani nousevat ilmaan, j\u00e4tt\u00e4v\u00e4t&hellip;","_links":{"self":[{"href":"https:\/\/viljamihalovsky.com\/index.php\/wp-json\/wp\/v2\/pages\/310","targetHints":{"allow":["GET"]}}],"collection":[{"href":"https:\/\/viljamihalovsky.com\/index.php\/wp-json\/wp\/v2\/pages"}],"about":[{"href":"https:\/\/viljamihalovsky.com\/index.php\/wp-json\/wp\/v2\/types\/page"}],"author":[{"embeddable":true,"href":"https:\/\/viljamihalovsky.com\/index.php\/wp-json\/wp\/v2\/users\/1"}],"replies":[{"embeddable":true,"href":"https:\/\/viljamihalovsky.com\/index.php\/wp-json\/wp\/v2\/comments?post=310"}],"version-history":[{"count":11,"href":"https:\/\/viljamihalovsky.com\/index.php\/wp-json\/wp\/v2\/pages\/310\/revisions"}],"predecessor-version":[{"id":604,"href":"https:\/\/viljamihalovsky.com\/index.php\/wp-json\/wp\/v2\/pages\/310\/revisions\/604"}],"wp:attachment":[{"href":"https:\/\/viljamihalovsky.com\/index.php\/wp-json\/wp\/v2\/media?parent=310"}],"curies":[{"name":"wp","href":"https:\/\/api.w.org\/{rel}","templated":true}]}}