{"id":341,"date":"2021-05-26T12:56:26","date_gmt":"2021-05-26T12:56:26","guid":{"rendered":"https:\/\/viljamihalovsky.com\/?page_id=341"},"modified":"2021-07-09T09:15:59","modified_gmt":"2021-07-09T09:15:59","slug":"you-should-have-seen-my-mystical-visions","status":"publish","type":"page","link":"https:\/\/viljamihalovsky.com\/index.php\/you-should-have-seen-my-mystical-visions\/","title":{"rendered":"You should have seen my mystical visions"},"content":{"rendered":"\n\n\n<div class=\"wp-block-cover has-background-dim\" style=\"min-height:584px;aspect-ratio:unset;\"><img loading=\"lazy\" decoding=\"async\" width=\"2560\" height=\"1810\" class=\"wp-block-cover__image-background wp-image-325\" alt=\"\" src=\"https:\/\/viljamihalovsky.com\/wp-content\/uploads\/2021\/05\/mystical-visions-scaled.jpg\" style=\"object-position:52% 24%\" data-object-fit=\"cover\" data-object-position=\"52% 24%\" srcset=\"https:\/\/viljamihalovsky.com\/wp-content\/uploads\/2021\/05\/mystical-visions-scaled.jpg 2560w, https:\/\/viljamihalovsky.com\/wp-content\/uploads\/2021\/05\/mystical-visions-300x212.jpg 300w, https:\/\/viljamihalovsky.com\/wp-content\/uploads\/2021\/05\/mystical-visions-1024x724.jpg 1024w, https:\/\/viljamihalovsky.com\/wp-content\/uploads\/2021\/05\/mystical-visions-768x543.jpg 768w, https:\/\/viljamihalovsky.com\/wp-content\/uploads\/2021\/05\/mystical-visions-1536x1086.jpg 1536w, https:\/\/viljamihalovsky.com\/wp-content\/uploads\/2021\/05\/mystical-visions-2048x1448.jpg 2048w\" sizes=\"auto, (max-width: 2560px) 100vw, 2560px\" \/><div class=\"wp-block-cover__inner-container is-layout-flow wp-block-cover-is-layout-flow\">\n<p class=\"has-text-align-center has-large-font-size\">19.6.2019<br>20min authentic movement | 10min writing<\/p>\n<\/div><\/div>\n\n\n\n<div class=\"wp-block-columns is-layout-flex wp-container-core-columns-is-layout-28f84493 wp-block-columns-is-layout-flex\">\n<div class=\"wp-block-column is-layout-flow wp-block-column-is-layout-flow\" style=\"flex-basis:25%\"><\/div>\n\n\n\n<div class=\"wp-block-column is-layout-flow wp-block-column-is-layout-flow\" style=\"flex-basis:50%\">\n<div class=\"wp-block-columns is-layout-flex wp-container-core-columns-is-layout-28f84493 wp-block-columns-is-layout-flex\">\n<div class=\"wp-block-column is-layout-flow wp-block-column-is-layout-flow\" style=\"flex-basis:100%\">\n<p class=\"has-text-align-center\"><br><br>Sellainen kaunis nainen. Ei sellainen kaunis, jota yleens\u00e4 ajatellaan kauniiksi, mutta jota ei voi j\u00e4tt\u00e4\u00e4 huomiotta, johon katse v\u00e4ist\u00e4m\u00e4tt\u00e4 ajautuu ja jota ei saa mill\u00e4\u00e4n pois silmist\u00e4\u00e4n. Vasta kun h\u00e4n poistuu paikalta, pystyt j\u00e4tt\u00e4m\u00e4\u00e4n h\u00e4net. Ja silloin unohdat h\u00e4net kokonaan, kunnes taas kohtaatte.<\/p>\n<\/div>\n<\/div>\n\n\n\n<p class=\"has-text-align-center\">H\u00e4n on niit\u00e4 ihmisi\u00e4, jotka ovat kun ovat ja jotka eiv\u00e4t ole kun ovat poissa. Heille ei ole olemassa v\u00e4litilaa. Sen vuoksi heid\u00e4t unohdetaan. Kuin aaveet, joiden rakkaat pikkuhiljaa, yksi kerrallan poistuvat, katoavat ja j\u00e4tt\u00e4v\u00e4t heid\u00e4t yksin maan p\u00e4\u00e4lle. He tanssittavat muista, vaikka muut eiv\u00e4t heit\u00e4 n\u00e4e tai muista. Mutta he ovat siell\u00e4. Aivan vieress\u00e4. Aivan todella vieress\u00e4. Niin vieress\u00e4, ett\u00e4 heit\u00e4 ei joskus voi olla aistimatta. Ja jatkuvasti he haluavat olla avuksi. You should have seen my mystical visions, he huutavat korvaan toivoen, ett\u00e4 edes joku kuuntelisi. Mutta ei siell\u00e4 ole ket\u00e4\u00e4n, joka heid\u00e4t tuntisi.<\/p>\n<\/div>\n\n\n\n<div class=\"wp-block-column is-layout-flow wp-block-column-is-layout-flow\" style=\"flex-basis:25%\"><\/div>\n<\/div>\n\n\n\n<figure class=\"wp-block-pullquote is-style-default\" style=\"border-color:#ffa1c5\"><blockquote><p>H\u00e4n on niit\u00e4 ihmisi\u00e4, jotka katsovat suoraan sieluun. &#8220;You should have seen my mystical visions&#8221;, h\u00e4n sanoo. Ja katsoo suoraan sieluun.<\/p><\/blockquote><\/figure>\n","protected":false},"excerpt":{"rendered":"<p>Sellainen kaunis nainen. Ei sellainen kaunis, jota yleens\u00e4 ajatellaan kauniiksi, mutta jota ei voi j\u00e4tt\u00e4\u00e4 huomiotta, johon katse v\u00e4ist\u00e4m\u00e4tt\u00e4 ajautuu ja jota ei saa mill\u00e4\u00e4n pois silmist\u00e4\u00e4n. Vasta kun h\u00e4n poistuu paikalta, pystyt j\u00e4tt\u00e4m\u00e4\u00e4n h\u00e4net. Ja silloin unohdat h\u00e4net kokonaan, kunnes taas kohtaatte. H\u00e4n on niit\u00e4 ihmisi\u00e4, jotka ovat kun ovat ja jotka eiv\u00e4t ole [&hellip;]<\/p>\n","protected":false},"author":1,"featured_media":0,"parent":0,"menu_order":0,"comment_status":"closed","ping_status":"closed","template":"","meta":{"_uag_custom_page_level_css":"","site-sidebar-layout":"default","site-content-layout":"default","ast-site-content-layout":"default","site-content-style":"default","site-sidebar-style":"default","ast-global-header-display":"","ast-banner-title-visibility":"","ast-main-header-display":"","ast-hfb-above-header-display":"","ast-hfb-below-header-display":"","ast-hfb-mobile-header-display":"","site-post-title":"","ast-breadcrumbs-content":"","ast-featured-img":"","footer-sml-layout":"","ast-disable-related-posts":"","theme-transparent-header-meta":"default","adv-header-id-meta":"","stick-header-meta":"","header-above-stick-meta":"","header-main-stick-meta":"","header-below-stick-meta":"","astra-migrate-meta-layouts":"default","ast-page-background-enabled":"default","ast-page-background-meta":{"desktop":{"background-color":"","background-image":"","background-repeat":"repeat","background-position":"center center","background-size":"auto","background-attachment":"scroll","background-type":"","background-media":"","overlay-type":"","overlay-color":"","overlay-opacity":"","overlay-gradient":""},"tablet":{"background-color":"","background-image":"","background-repeat":"repeat","background-position":"center center","background-size":"auto","background-attachment":"scroll","background-type":"","background-media":"","overlay-type":"","overlay-color":"","overlay-opacity":"","overlay-gradient":""},"mobile":{"background-color":"","background-image":"","background-repeat":"repeat","background-position":"center center","background-size":"auto","background-attachment":"scroll","background-type":"","background-media":"","overlay-type":"","overlay-color":"","overlay-opacity":"","overlay-gradient":""}},"ast-content-background-meta":{"desktop":{"background-color":"var(--ast-global-color-5)","background-image":"","background-repeat":"repeat","background-position":"center center","background-size":"auto","background-attachment":"scroll","background-type":"","background-media":"","overlay-type":"","overlay-color":"","overlay-opacity":"","overlay-gradient":""},"tablet":{"background-color":"var(--ast-global-color-5)","background-image":"","background-repeat":"repeat","background-position":"center center","background-size":"auto","background-attachment":"scroll","background-type":"","background-media":"","overlay-type":"","overlay-color":"","overlay-opacity":"","overlay-gradient":""},"mobile":{"background-color":"var(--ast-global-color-5)","background-image":"","background-repeat":"repeat","background-position":"center center","background-size":"auto","background-attachment":"scroll","background-type":"","background-media":"","overlay-type":"","overlay-color":"","overlay-opacity":"","overlay-gradient":""}},"footnotes":""},"class_list":["post-341","page","type-page","status-publish","hentry"],"featured_image_src":null,"featured_image_src_square":null,"uagb_featured_image_src":{"full":false,"thumbnail":false,"medium":false,"medium_large":false,"large":false,"1536x1536":false,"2048x2048":false,"gb-block-post-grid-landscape":false,"gb-block-post-grid-square":false},"uagb_author_info":{"display_name":"admin","author_link":"https:\/\/viljamihalovsky.com\/index.php\/author\/admin\/"},"uagb_comment_info":0,"uagb_excerpt":"Sellainen kaunis nainen. Ei sellainen kaunis, jota yleens\u00e4 ajatellaan kauniiksi, mutta jota ei voi j\u00e4tt\u00e4\u00e4 huomiotta, johon katse v\u00e4ist\u00e4m\u00e4tt\u00e4 ajautuu ja jota ei saa mill\u00e4\u00e4n pois silmist\u00e4\u00e4n. Vasta kun h\u00e4n poistuu paikalta, pystyt j\u00e4tt\u00e4m\u00e4\u00e4n h\u00e4net. Ja silloin unohdat h\u00e4net kokonaan, kunnes taas kohtaatte. H\u00e4n on niit\u00e4 ihmisi\u00e4, jotka ovat kun ovat ja jotka eiv\u00e4t ole&hellip;","_links":{"self":[{"href":"https:\/\/viljamihalovsky.com\/index.php\/wp-json\/wp\/v2\/pages\/341","targetHints":{"allow":["GET"]}}],"collection":[{"href":"https:\/\/viljamihalovsky.com\/index.php\/wp-json\/wp\/v2\/pages"}],"about":[{"href":"https:\/\/viljamihalovsky.com\/index.php\/wp-json\/wp\/v2\/types\/page"}],"author":[{"embeddable":true,"href":"https:\/\/viljamihalovsky.com\/index.php\/wp-json\/wp\/v2\/users\/1"}],"replies":[{"embeddable":true,"href":"https:\/\/viljamihalovsky.com\/index.php\/wp-json\/wp\/v2\/comments?post=341"}],"version-history":[{"count":7,"href":"https:\/\/viljamihalovsky.com\/index.php\/wp-json\/wp\/v2\/pages\/341\/revisions"}],"predecessor-version":[{"id":605,"href":"https:\/\/viljamihalovsky.com\/index.php\/wp-json\/wp\/v2\/pages\/341\/revisions\/605"}],"wp:attachment":[{"href":"https:\/\/viljamihalovsky.com\/index.php\/wp-json\/wp\/v2\/media?parent=341"}],"curies":[{"name":"wp","href":"https:\/\/api.w.org\/{rel}","templated":true}]}}